{"id":59,"date":"2013-10-31T13:23:41","date_gmt":"2013-10-31T12:23:41","guid":{"rendered":"http:\/\/la-maraude.fr\/site\/?page_id=59"},"modified":"2014-05-12T14:14:32","modified_gmt":"2014-05-12T13:14:32","slug":"les-jeux-deau","status":"publish","type":"page","link":"http:\/\/la-maraude.fr\/site\/les-activites\/les-jeux-deau\/","title":{"rendered":"Les Jeux d&rsquo;Eau"},"content":{"rendered":"<blockquote>\n<h6><a href=\"http:\/\/la-maraude.fr\/site\/wp-content\/uploads\/2014\/03\/piscine-vue-montagne1.jpg\"><img loading=\"lazy\" decoding=\"async\" class=\"alignleft size-medium wp-image-340\" src=\"http:\/\/la-maraude.fr\/site\/wp-content\/uploads\/2014\/03\/piscine-vue-montagne1-300x199.jpg\" alt=\"piscine-vue-montagne\" width=\"300\" height=\"199\" srcset=\"http:\/\/la-maraude.fr\/site\/wp-content\/uploads\/2014\/03\/piscine-vue-montagne1-300x199.jpg 300w, http:\/\/la-maraude.fr\/site\/wp-content\/uploads\/2014\/03\/piscine-vue-montagne1.jpg 800w\" sizes=\"auto, (max-width: 300px) 100vw, 300px\" \/><\/a>Trois jours qu&rsquo;ils ont pas d\u00e9couvert la piscine. On a chant\u00e9 la chanson du soleil, m\u00eame si j&rsquo;y crois pas trop&#8230;N&#8217;emp\u00eache aujourd&rsquo;hui, grand soleil quand j&rsquo;ai ouvert les yeux !!<\/h6>\n<h6>Avec Ludo, c&rsquo;est sur, on est les premiers a rentrer et les derniers a sortir. J&rsquo;esp\u00e8re que Vincent viendra a l&rsquo;eau avec nous, comme \u00e7a on fait le jeu du loup garou dans l&rsquo;eau, ou alors on jette les anneaux dans l&rsquo;eau pour les chercher.<\/h6>\n<p>&nbsp;<\/p>\n<h6>Quand je suis arriv\u00e9, je savais m\u00eame pas qu&rsquo;il y avait une piscine. Au d\u00e9but, je l&rsquo;ai trouv\u00e9 petite, compar\u00e9 a celle d&rsquo;aqua-park, c&rsquo;est une flaque d&rsquo;eau, mais quand m\u00eame, c&rsquo;est trop chouette la piscine a la Maraude, et si il fait beau, on peut y aller tous les jours.<\/h6>\n<p>&nbsp;<\/p>\n<h6>Il parait m\u00eame qu&rsquo;on pourrait faire des veill\u00e9es piscine !<\/h6>\n<p>&nbsp;<\/p><\/blockquote>\n<div id='gallery-1' class='gallery galleryid-59 gallery-columns-4 gallery-size-thumbnail'><figure class='gallery-item'>\n\t\t\t<div class='gallery-icon landscape'>\n\t\t\t\t<a href='http:\/\/la-maraude.fr\/site\/wp-content\/uploads\/2014\/03\/frite-piscine-graphique.jpg'><img loading=\"lazy\" decoding=\"async\" width=\"150\" height=\"150\" src=\"http:\/\/la-maraude.fr\/site\/wp-content\/uploads\/2014\/03\/frite-piscine-graphique-150x150.jpg\" class=\"attachment-thumbnail size-thumbnail\" alt=\"\" \/><\/a>\n\t\t\t<\/div><\/figure><figure class='gallery-item'>\n\t\t\t<div class='gallery-icon landscape'>\n\t\t\t\t<a href='http:\/\/la-maraude.fr\/site\/wp-content\/uploads\/2014\/03\/3-voyageurs.jpg'><img loading=\"lazy\" decoding=\"async\" width=\"150\" height=\"150\" src=\"http:\/\/la-maraude.fr\/site\/wp-content\/uploads\/2014\/03\/3-voyageurs-150x150.jpg\" class=\"attachment-thumbnail size-thumbnail\" alt=\"\" \/><\/a>\n\t\t\t<\/div><\/figure><figure class='gallery-item'>\n\t\t\t<div class='gallery-icon landscape'>\n\t\t\t\t<a href='http:\/\/la-maraude.fr\/site\/wp-content\/uploads\/2014\/03\/piscine-vue-montagne1.jpg'><img loading=\"lazy\" decoding=\"async\" width=\"150\" height=\"150\" src=\"http:\/\/la-maraude.fr\/site\/wp-content\/uploads\/2014\/03\/piscine-vue-montagne1-150x150.jpg\" class=\"attachment-thumbnail size-thumbnail\" alt=\"\" \/><\/a>\n\t\t\t<\/div><\/figure><figure class='gallery-item'>\n\t\t\t<div class='gallery-icon landscape'>\n\t\t\t\t<a href='http:\/\/la-maraude.fr\/site\/wp-content\/uploads\/2014\/03\/piscine-frite.jpg'><img loading=\"lazy\" decoding=\"async\" width=\"150\" height=\"150\" src=\"http:\/\/la-maraude.fr\/site\/wp-content\/uploads\/2014\/03\/piscine-frite-150x150.jpg\" class=\"attachment-thumbnail size-thumbnail\" alt=\"\" \/><\/a>\n\t\t\t<\/div><\/figure>\n\t\t<\/div>\n\n","protected":false},"excerpt":{"rendered":"<p>Trois jours qu&rsquo;ils ont pas d\u00e9couvert la piscine. On a chant\u00e9 la chanson du soleil, m\u00eame si j&rsquo;y crois pas trop&#8230;N&#8217;emp\u00eache aujourd&rsquo;hui, grand soleil quand j&rsquo;ai ouvert les yeux !! Avec Ludo, c&rsquo;est sur, on est les premiers a rentrer et les derniers a sortir. J&rsquo;esp\u00e8re que Vincent viendra a l&rsquo;eau avec nous, comme \u00e7a [&hellip;]<\/p>\n","protected":false},"author":1,"featured_media":0,"parent":47,"menu_order":6,"comment_status":"closed","ping_status":"open","template":"","meta":{"footnotes":""},"class_list":["post-59","page","type-page","status-publish","hentry"],"_links":{"self":[{"href":"http:\/\/la-maraude.fr\/site\/wp-json\/wp\/v2\/pages\/59","targetHints":{"allow":["GET"]}}],"collection":[{"href":"http:\/\/la-maraude.fr\/site\/wp-json\/wp\/v2\/pages"}],"about":[{"href":"http:\/\/la-maraude.fr\/site\/wp-json\/wp\/v2\/types\/page"}],"author":[{"embeddable":true,"href":"http:\/\/la-maraude.fr\/site\/wp-json\/wp\/v2\/users\/1"}],"replies":[{"embeddable":true,"href":"http:\/\/la-maraude.fr\/site\/wp-json\/wp\/v2\/comments?post=59"}],"version-history":[{"count":5,"href":"http:\/\/la-maraude.fr\/site\/wp-json\/wp\/v2\/pages\/59\/revisions"}],"predecessor-version":[{"id":577,"href":"http:\/\/la-maraude.fr\/site\/wp-json\/wp\/v2\/pages\/59\/revisions\/577"}],"up":[{"embeddable":true,"href":"http:\/\/la-maraude.fr\/site\/wp-json\/wp\/v2\/pages\/47"}],"wp:attachment":[{"href":"http:\/\/la-maraude.fr\/site\/wp-json\/wp\/v2\/media?parent=59"}],"curies":[{"name":"wp","href":"https:\/\/api.w.org\/{rel}","templated":true}]}}