{"id":51,"date":"2013-10-31T13:21:29","date_gmt":"2013-10-31T12:21:29","guid":{"rendered":"http:\/\/la-maraude.fr\/site\/?page_id=51"},"modified":"2015-02-04T15:08:13","modified_gmt":"2015-02-04T14:08:13","slug":"au-jardin-potager","status":"publish","type":"page","link":"http:\/\/la-maraude.fr\/site\/les-activites\/au-jardin-potager\/","title":{"rendered":"Au jardin Potager"},"content":{"rendered":"<blockquote>\n<h6><a href=\"http:\/\/la-maraude.fr\/site\/wp-content\/uploads\/2014\/03\/au-potager.jpg\"><img loading=\"lazy\" decoding=\"async\" class=\"alignright size-medium wp-image-313\" src=\"http:\/\/la-maraude.fr\/site\/wp-content\/uploads\/2014\/03\/au-potager-300x224.jpg\" alt=\"au-potager\" width=\"300\" height=\"224\" srcset=\"http:\/\/la-maraude.fr\/site\/wp-content\/uploads\/2014\/03\/au-potager-300x224.jpg 300w, http:\/\/la-maraude.fr\/site\/wp-content\/uploads\/2014\/03\/au-potager.jpg 614w\" sizes=\"auto, (max-width: 300px) 100vw, 300px\" \/><\/a>Hier, j&rsquo;ai choisi d&rsquo;aller en activit\u00e9 jardin. De toute fa\u00e7on, le matin dans les cabanes, comme il y a pas de volets, je me r\u00e9veille t\u00f4t. Pour aller au jardin, il faut avoir d\u00e9jeun\u00e9-bross\u00e9 les dents a 8h45. J&rsquo;aime bien, l&rsquo;animateur de r\u00e9veil c&rsquo;\u00e9tait Julien, il avait les cheveux qui touchaient le ciel. Apr\u00e8s on est descendu \u00e0 la Maraude, dans le village c&rsquo;est tout calme. On a pris le raccourci et \u00e9videmment, les voyageurs n&rsquo;avaient pas fini de d\u00e9jeuner.<\/h6>\n<p>&nbsp;<\/p>\n<h6>Finalement, au pas de course, chemin de la mort et on arrive au jardin. L&rsquo;herbe est toute mouill\u00e9e. Il a pas plu, c&rsquo;est la ros\u00e9e. \u00c7a fait des diamants sur les toiles d&rsquo;araign\u00e9es. Mes haricots ont pouss\u00e9, ils font des fleurs rouges sur leur tuteurs. On va d\u00e9sherber les carottes, il faut savoir reconnaitre les bonnes et les mauvaises herbes.<\/h6>\n<p>&nbsp;<\/p>\n<h6>M\u00eame si les mauvaises herbes, et ben des fois, elles sont bonnes&#8230;<\/h6>\n<div id='gallery-1' class='gallery galleryid-51 gallery-columns-3 gallery-size-thumbnail'><figure class='gallery-item'>\n\t\t\t<div class='gallery-icon landscape'>\n\t\t\t\t<a href='http:\/\/la-maraude.fr\/site\/les-activites\/au-jardin-potager\/au-potager\/'><img loading=\"lazy\" decoding=\"async\" width=\"150\" height=\"150\" src=\"http:\/\/la-maraude.fr\/site\/wp-content\/uploads\/2014\/03\/au-potager-150x150.jpg\" class=\"attachment-thumbnail size-thumbnail\" alt=\"\" \/><\/a>\n\t\t\t<\/div><\/figure><figure class='gallery-item'>\n\t\t\t<div class='gallery-icon landscape'>\n\t\t\t\t<a href='http:\/\/la-maraude.fr\/site\/la-serre\/'><img loading=\"lazy\" decoding=\"async\" width=\"150\" height=\"150\" src=\"http:\/\/la-maraude.fr\/site\/wp-content\/uploads\/2014\/03\/la-serre-150x150.jpg\" class=\"attachment-thumbnail size-thumbnail\" alt=\"\" \/><\/a>\n\t\t\t<\/div><\/figure><figure class='gallery-item'>\n\t\t\t<div class='gallery-icon portrait'>\n\t\t\t\t<a href='http:\/\/la-maraude.fr\/site\/chasse-au-legume-du-jardin\/'><img loading=\"lazy\" decoding=\"async\" width=\"150\" height=\"150\" src=\"http:\/\/la-maraude.fr\/site\/wp-content\/uploads\/2014\/03\/chasse-au-legume-du-jardin-150x150.jpg\" class=\"attachment-thumbnail size-thumbnail\" alt=\"\" \/><\/a>\n\t\t\t<\/div><\/figure><figure class='gallery-item'>\n\t\t\t<div class='gallery-icon landscape'>\n\t\t\t\t<a href='http:\/\/la-maraude.fr\/site\/jardin-groupe-arrosoir\/'><img loading=\"lazy\" decoding=\"async\" width=\"150\" height=\"150\" src=\"http:\/\/la-maraude.fr\/site\/wp-content\/uploads\/2014\/03\/jardin-groupe-arrosoir-150x150.jpg\" class=\"attachment-thumbnail size-thumbnail\" alt=\"\" \/><\/a>\n\t\t\t<\/div><\/figure><figure class='gallery-item'>\n\t\t\t<div class='gallery-icon landscape'>\n\t\t\t\t<a href='http:\/\/la-maraude.fr\/site\/jardiner-petite-graine\/'><img loading=\"lazy\" decoding=\"async\" width=\"150\" height=\"150\" src=\"http:\/\/la-maraude.fr\/site\/wp-content\/uploads\/2014\/03\/jardiner-petite-graine-150x150.jpg\" class=\"attachment-thumbnail size-thumbnail\" alt=\"\" \/><\/a>\n\t\t\t<\/div><\/figure><figure class='gallery-item'>\n\t\t\t<div class='gallery-icon landscape'>\n\t\t\t\t<a href='http:\/\/la-maraude.fr\/site\/jardiner-en-bottes\/'><img loading=\"lazy\" decoding=\"async\" width=\"150\" height=\"150\" src=\"http:\/\/la-maraude.fr\/site\/wp-content\/uploads\/2014\/03\/jardiner-en-bottes-150x150.jpg\" class=\"attachment-thumbnail size-thumbnail\" alt=\"\" \/><\/a>\n\t\t\t<\/div><\/figure><figure class='gallery-item'>\n\t\t\t<div class='gallery-icon landscape'>\n\t\t\t\t<a href='http:\/\/la-maraude.fr\/site\/rigolo-graine-de-carotte-2\/'><img loading=\"lazy\" decoding=\"async\" width=\"150\" height=\"150\" src=\"http:\/\/la-maraude.fr\/site\/wp-content\/uploads\/2014\/03\/rigolo-graine-de-carotte1-150x150.jpg\" class=\"attachment-thumbnail size-thumbnail\" alt=\"\" \/><\/a>\n\t\t\t<\/div><\/figure>\n\t\t<\/div>\n<\/blockquote>\n","protected":false},"excerpt":{"rendered":"<p>Hier, j&rsquo;ai choisi d&rsquo;aller en activit\u00e9 jardin. De toute fa\u00e7on, le matin dans les cabanes, comme il y a pas de volets, je me r\u00e9veille t\u00f4t. Pour aller au jardin, il faut avoir d\u00e9jeun\u00e9-bross\u00e9 les dents a 8h45. J&rsquo;aime bien, l&rsquo;animateur de r\u00e9veil c&rsquo;\u00e9tait Julien, il avait les cheveux qui touchaient le ciel. Apr\u00e8s on [&hellip;]<\/p>\n","protected":false},"author":1,"featured_media":0,"parent":47,"menu_order":2,"comment_status":"closed","ping_status":"open","template":"","meta":{"footnotes":""},"class_list":["post-51","page","type-page","status-publish","hentry"],"_links":{"self":[{"href":"http:\/\/la-maraude.fr\/site\/wp-json\/wp\/v2\/pages\/51","targetHints":{"allow":["GET"]}}],"collection":[{"href":"http:\/\/la-maraude.fr\/site\/wp-json\/wp\/v2\/pages"}],"about":[{"href":"http:\/\/la-maraude.fr\/site\/wp-json\/wp\/v2\/types\/page"}],"author":[{"embeddable":true,"href":"http:\/\/la-maraude.fr\/site\/wp-json\/wp\/v2\/users\/1"}],"replies":[{"embeddable":true,"href":"http:\/\/la-maraude.fr\/site\/wp-json\/wp\/v2\/comments?post=51"}],"version-history":[{"count":6,"href":"http:\/\/la-maraude.fr\/site\/wp-json\/wp\/v2\/pages\/51\/revisions"}],"predecessor-version":[{"id":637,"href":"http:\/\/la-maraude.fr\/site\/wp-json\/wp\/v2\/pages\/51\/revisions\/637"}],"up":[{"embeddable":true,"href":"http:\/\/la-maraude.fr\/site\/wp-json\/wp\/v2\/pages\/47"}],"wp:attachment":[{"href":"http:\/\/la-maraude.fr\/site\/wp-json\/wp\/v2\/media?parent=51"}],"curies":[{"name":"wp","href":"https:\/\/api.w.org\/{rel}","templated":true}]}}