{"id":1286,"date":"2020-11-26T10:26:13","date_gmt":"2020-11-26T09:26:13","guid":{"rendered":"http:\/\/la-maraude.fr\/site\/?page_id=1286"},"modified":"2026-02-03T11:47:17","modified_gmt":"2026-02-03T10:47:17","slug":"la-riviere","status":"publish","type":"page","link":"http:\/\/la-maraude.fr\/site\/la-riviere\/","title":{"rendered":"La Rivi\u00e8re"},"content":{"rendered":"\n<h4 class=\"wp-block-heading has-text-align-left\"><strong>Regroupements d&rsquo;animateurs et animatrices<\/strong><\/h4>\n\n\n\n<figure class=\"wp-block-image aligncenter\"><img loading=\"lazy\" decoding=\"async\" width=\"768\" height=\"1024\" src=\"http:\/\/la-maraude.fr\/site\/wp-content\/uploads\/2020\/12\/PB190179-e1607117213712-768x1024.jpg\" alt=\"\" class=\"wp-image-1665\"\/><\/figure>\n\n\n\n<p>Parce que nous croyons en la force du collectif, en l&rsquo;\u00e9ducation populaire, au besoin de se retrouver et se rencontrer, nous organisons depuis 2018 des temps de formation pour notre joyeux et bouillonnant r\u00e9seau.<\/p>\n\n\n\n<h3 class=\"wp-block-heading\">Quoi !<\/h3>\n\n\n\n<p><strong>Un constat\u00a0:<\/strong><br>il n&rsquo;y a pas aujourd&rsquo;hui \u00e0 la Maraude de malle symbolique o\u00f9 chacun d&rsquo;entre nous pourrait d\u00e9poser ses pratiques, ses temps forts, ses trucs trooop coool&#8230; \u00e0 l&rsquo;intention des \u00e9quipes suivantes, au service de la Maraude dans son ensemble.<br>Une malle \u00e0 tr\u00e9sor o\u00f9 se trouveraient les activit\u00e9s sp\u00e9cifiques au milieu naturel en fonction des saisons, les rituels du quotidien et de la vie de groupe, les temps fort et l&rsquo;imaginaire, les possibles selon les endroits (girech, friche, jardin, baobab&#8230;).<br>Sans emp\u00eacher l&rsquo;exp\u00e9rimentation et la nouveaut\u00e9 \u00e0 chaque vacances,<br>la Rivi\u00e8re est un projet de transmission, de cr\u00e9ation de commun qui facilite le travail d&rsquo;\u00e9quipe,<br>la Rivi\u00e8re a la volont\u00e9 de garantir la r\u00e9ussite du projet d&rsquo;animation, elle vient \u00e9tayer et outiller l&rsquo;\u00e9quipe pour construire de belles vacances collectives \u00e0 l&rsquo;intention des enfants.<\/p>\n\n\n\n<h3 class=\"wp-block-heading\">Une volont\u00e9 !<\/h3>\n\n\n\n<p>Faire ensemble, o\u00f9 chacun.e est l\u00e9gitime pour apprendre\/transmettre \u00e0 l&rsquo;autre, participer au projet de la Maraude comme organisateur de vacances.<br>Nous pensons que vous \u00eates les mieux plac\u00e9s pour raconter vos pratiques, vos exp\u00e9riences, vos r\u00e9ussites \u00e0 la Maraude.<br>Nous nous chargeons de les collecter, de les mettre en forme pour que les pratiques puissent se transmettre.<br>Nous pensons que nous partageons l&rsquo;envie de faire ensemble, d&rsquo;avancer, partager pour faire vivre la Maraude et sa sp\u00e9cificit\u00e9 si pr\u00e9cieuse dans ce qu&rsquo;elle propose aux enfants.<\/p>\n\n\n\n<p>&nbsp;<\/p>\n\n\n\n<h3 class=\"wp-block-heading\">Comment !<\/h3>\n\n\n\n<p>Une invitation collective adress\u00e9e \u00e0 tous ceux et celles avec qui nous avons pris plaisir \u00e0 travailler, et m\u00eame avec qui nous souhaitons continuer&nbsp;! Nous organiserons une rencontre une fois par an&nbsp;: \u00e9change de pratiques, r\u00e9flexions plus approfondies sur des th\u00e9matiques choisies de soci\u00e9t\u00e9, et cr\u00e9ation d&rsquo;un outil d&rsquo;animation collectif &#8230;<\/p>\n\n\n\n<h3 class=\"wp-block-heading\">Et par, <a href=\"http:\/\/la-maraude.fr\/site\/wp-content\/uploads\/2020\/12\/la-rivie\u0300re-organisation.pdf\" rel=\"\">ici<\/a>, tu trouveras comment un week-end de Rivi\u00e8re s&rsquo;organise &#8230;<\/h3>\n\n\n\n<figure class=\"wp-block-image aligncenter\"><img loading=\"lazy\" decoding=\"async\" width=\"1024\" height=\"725\" src=\"http:\/\/la-maraude.fr\/site\/wp-content\/uploads\/2021\/01\/photos_page-0001-1024x725.jpg\" alt=\"photos_page-0001\" class=\"wp-image-1838\"\/><\/figure>\n\n\n\n<p><\/p>\n\n\n\n<p>Et juste apr\u00e8s, tu pourras \u00e9couter le son de la Rivi\u00e8re &#8230;<\/p>\n\n\n\n<figure class=\"wp-block-audio\"><audio controls src=\"http:\/\/la-maraude.fr\/site\/wp-content\/uploads\/2020\/12\/il-e\u0301tait-une-rivie\u0300re.2.mp3\"><\/audio><\/figure>\n\n\n\n<h3 class=\"wp-block-heading\">&nbsp;<\/h3>\n\n\n\n<h3 class=\"wp-block-heading\">Et par la <a href=\"http:\/\/la-maraude.fr\/site\/boite-a-outils-de-la-riviere\/\">bo\u00eete \u00e0 outils de la Rivi\u00e8re <\/a><\/h3>\n\n\n\n<p>Des jeux, des textes, des m\u00e9thodes, &#8230; de nourrir sa pens\u00e9e et sa pratique <\/p>\n\n\n\n<p>La Rivi\u00e8re, c&rsquo;est l&rsquo;eau qui coule, qui accueille chaque ruisseau, o\u00f9 l&rsquo;un nourrit l&rsquo;autre et vice-versa.<\/p>\n\n\n\n<p class=\"has-text-align-left\">La Rivi\u00e8re, elle avance, elle grandit, parfois tr\u00e8s vite, parfois elle prend son temps dans les m\u00e9andres, elle admire le paysage, elle r\u00e9fl\u00e9chit o\u00f9 elle est , o\u00f9 elle va.<\/p>\n\n\n\n<p class=\"has-text-align-left\">La Rivi\u00e8re chante, roule et rit, elle joue aussi.<\/p>\n\n\n\n<p class=\"has-text-align-left\">La Rivi\u00e8re, c&rsquo;est les autres, la Rivi\u00e8re, c&rsquo;est toi, c&rsquo;est vous, c&rsquo;est nous !<\/p>\n\n\n\n<figure class=\"wp-block-image aligncenter size-large is-resized\"><img loading=\"lazy\" decoding=\"async\" width=\"1024\" height=\"680\" src=\"https:\/\/la-maraude.fr\/site\/wp-content\/uploads\/2020\/01\/DSC00342-1024x680.jpg\" alt=\"\" class=\"wp-image-1091\" style=\"width:375px;height:auto\"\/><\/figure>\n","protected":false},"excerpt":{"rendered":"<p>Regroupements d&rsquo;animateurs et animatrices Parce que nous croyons en la force du collectif, en l&rsquo;\u00e9ducation populaire, au besoin de se retrouver et se rencontrer, nous organisons depuis 2018 des temps de formation pour notre joyeux et bouillonnant r\u00e9seau. Quoi ! Un constat\u00a0:il n&rsquo;y a pas aujourd&rsquo;hui \u00e0 la Maraude de malle symbolique o\u00f9 chacun d&rsquo;entre [&hellip;]<\/p>\n","protected":false},"author":2,"featured_media":0,"parent":0,"menu_order":0,"comment_status":"closed","ping_status":"closed","template":"","meta":{"footnotes":""},"class_list":["post-1286","page","type-page","status-publish","hentry"],"_links":{"self":[{"href":"http:\/\/la-maraude.fr\/site\/wp-json\/wp\/v2\/pages\/1286","targetHints":{"allow":["GET"]}}],"collection":[{"href":"http:\/\/la-maraude.fr\/site\/wp-json\/wp\/v2\/pages"}],"about":[{"href":"http:\/\/la-maraude.fr\/site\/wp-json\/wp\/v2\/types\/page"}],"author":[{"embeddable":true,"href":"http:\/\/la-maraude.fr\/site\/wp-json\/wp\/v2\/users\/2"}],"replies":[{"embeddable":true,"href":"http:\/\/la-maraude.fr\/site\/wp-json\/wp\/v2\/comments?post=1286"}],"version-history":[{"count":23,"href":"http:\/\/la-maraude.fr\/site\/wp-json\/wp\/v2\/pages\/1286\/revisions"}],"predecessor-version":[{"id":2723,"href":"http:\/\/la-maraude.fr\/site\/wp-json\/wp\/v2\/pages\/1286\/revisions\/2723"}],"wp:attachment":[{"href":"http:\/\/la-maraude.fr\/site\/wp-json\/wp\/v2\/media?parent=1286"}],"curies":[{"name":"wp","href":"https:\/\/api.w.org\/{rel}","templated":true}]}}