{"id":126,"date":"2013-10-31T13:33:07","date_gmt":"2013-10-31T12:33:07","guid":{"rendered":"http:\/\/la-maraude.fr\/site\/?page_id=126"},"modified":"2026-02-03T12:04:52","modified_gmt":"2026-02-03T11:04:52","slug":"les-sejours","status":"publish","type":"page","link":"http:\/\/la-maraude.fr\/site\/les-sejours\/","title":{"rendered":"Les S\u00e9jours"},"content":{"rendered":"\n<h4 class=\"wp-block-heading has-text-align-center\">D\u00e9couvrir un monde de vacances,<br>en pleine nature, au c\u0153ur des Pyr\u00e9n\u00e9es,<br>au fil des saisons.<\/h4>\n\n\n\n<p class=\"has-text-align-center\"><strong>Printemps, Et\u00e9, Automne, Hiver<\/strong><\/p>\n\n\n\n<figure class=\"wp-block-image aligncenter size-large is-resized\"><img loading=\"lazy\" decoding=\"async\" width=\"1024\" height=\"768\" src=\"https:\/\/la-maraude.fr\/site\/wp-content\/uploads\/2020\/12\/f4451864-1024x768.jpg\" alt=\"\" class=\"wp-image-1454\" style=\"width:457px;height:auto\" srcset=\"http:\/\/la-maraude.fr\/site\/wp-content\/uploads\/2020\/12\/f4451864-1024x768.jpg 1024w, http:\/\/la-maraude.fr\/site\/wp-content\/uploads\/2020\/12\/f4451864-300x225.jpg 300w\" sizes=\"auto, (max-width: 1024px) 100vw, 1024px\" \/><\/figure>\n\n\n\n<p class=\"has-text-align-center\">Nous allons partager avec les enfants la richesse de notre environnement naturel.<\/p>\n\n\n\n<p class=\"has-text-align-center\"><a href=\"http:\/\/la-maraude.fr\/site\/les-activites\/\"><strong>Nos activit\u00e9s<\/strong><\/a><strong>&nbsp;sont faites de nature, d&rsquo;histoires, d&rsquo;\u00e9pices et de bouts de ficelle&nbsp;:<\/strong><\/p>\n\n\n\n<p class=\"has-text-align-center\">Cabanes dans les bois, cueillette dans les pr\u00e9s, randonn\u00e9es, aventures \u00e0 la d\u00e9couverte des insectes, observations des rapaces, aff\u00fbts aux blaireaux la vie \u00e0 la campagne&nbsp;: faire son pain, s&rsquo;occuper du poulailler, les r\u00e9coltes au potager, les maraudes sur les sentiers et la confection de conserves, les confitures, les sirops, les tisanes, les glaces, les tartes et les tajines&#8230;<br>Les cr\u00e9ations culinaires avec une cuisine pour les enfants<br>La boulangerie avec notre four \u00e0 pain<br>Le papier \u00e0 recycler, pour re-cr\u00e9er<br>Les teintures v\u00e9g\u00e9tales&nbsp;: \u00e0 partir des plantes et des l\u00e9gumes, comment teindre son tee-shirt<br>L&rsquo;imaginaire, l&rsquo;art et la musique, avec toujours une histoire \u00e0 vivre d&rsquo;aventures et de chasse au tr\u00e9sor&#8230;<br>&#8230;et le reste encore, que nous inventons ensemble, \u00e0 chaque s\u00e9jour<\/p>\n\n\n\n<h4 class=\"wp-block-heading has-text-align-center\">Nous voulons offrir aux enfants d&rsquo;aujourd&rsquo;hui des vacances qui les construiront pour demain<\/h4>\n\n\n\n<p class=\"has-text-align-center\">Parmi toutes nos propositions, vous trouverez certainement celle qui correspond le plus \u00e0 l&rsquo;enfant. N&rsquo;h\u00e9sitez pas \u00e0 nous contacter pour approfondir votre projet !<\/p>\n\n\n\n<h4 class=\"wp-block-heading\"><span style=\"color: #ff6600;\">Choisissez votre s\u00e9jour en cliquant sur les images !<\/span><\/h4>\n\n\n\n<figure class=\"wp-block-image aligncenter size-large is-resized\"><a href=\"https:\/\/la-maraude.fr\/site\/les-sejours\/les-sejours-maraudeurs\/\"><img loading=\"lazy\" decoding=\"async\" width=\"1024\" height=\"683\" src=\"https:\/\/la-maraude.fr\/site\/wp-content\/uploads\/2020\/12\/P4160484-1024x683.jpg\" alt=\"\" class=\"wp-image-1513\" style=\"aspect-ratio:1.4993152166077994;width:336px;height:auto\"\/><\/a><figcaption class=\"wp-element-caption\">Les maraudeurs et les petits pieds entre 6 et 12 ans<\/figcaption><\/figure>\n\n\n\n<figure class=\"wp-block-image aligncenter size-large is-resized\"><a href=\"https:\/\/la-maraude.fr\/site\/les-sejours\/les-ados-sur-la-colline-2\/\"><img loading=\"lazy\" decoding=\"async\" width=\"1024\" height=\"771\" src=\"https:\/\/la-maraude.fr\/site\/wp-content\/uploads\/2023\/05\/IMG20230503114032-1024x771.jpg\" alt=\"\" class=\"wp-image-2378\" style=\"aspect-ratio:1.3281823696561412;width:340px;height:auto\"\/><\/a><figcaption class=\"wp-element-caption\">Le Explorateurs entre 11 et 14 ans<\/figcaption><\/figure>\n\n\n\n<figure class=\"wp-block-image aligncenter size-large is-resized\"><a href=\"https:\/\/la-maraude.fr\/site\/les-sejours\/les-week-ends\/\"><img loading=\"lazy\" decoding=\"async\" width=\"1024\" height=\"683\" src=\"https:\/\/la-maraude.fr\/site\/wp-content\/uploads\/2020\/11\/nsmail-9-1024x683.jpg\" alt=\"\" class=\"wp-image-1312\" style=\"aspect-ratio:1.4993152166077994;width:339px;height:auto\" srcset=\"http:\/\/la-maraude.fr\/site\/wp-content\/uploads\/2020\/11\/nsmail-9-1024x683.jpg 1024w, http:\/\/la-maraude.fr\/site\/wp-content\/uploads\/2020\/11\/nsmail-9-300x200.jpg 300w, http:\/\/la-maraude.fr\/site\/wp-content\/uploads\/2020\/11\/nsmail-9-600x400.jpg 600w\" sizes=\"auto, (max-width: 1024px) 100vw, 1024px\" \/><\/a><figcaption class=\"wp-element-caption\">Les week-ends pour des petits groupes<\/figcaption><\/figure>\n\n\n\n<figure class=\"wp-block-image aligncenter\"><a href=\"https:\/\/www.facebook.com\/pages\/Association-la-maraude\/439570872876943\" target=\"_blank\" rel=\"noopener\"><img loading=\"lazy\" decoding=\"async\" width=\"256\" height=\"256\" src=\"http:\/\/la-maraude.fr\/site\/wp-content\/uploads\/2015\/09\/Facebook-icon.png\" alt=\"Facebook-icon\" class=\"wp-image-707\" srcset=\"http:\/\/la-maraude.fr\/site\/wp-content\/uploads\/2015\/09\/Facebook-icon.png 256w, http:\/\/la-maraude.fr\/site\/wp-content\/uploads\/2015\/09\/Facebook-icon-150x150.png 150w\" sizes=\"auto, (max-width: 256px) 100vw, 256px\" \/><\/a><\/figure>\n\n\n\n<p><\/p>\n","protected":false},"excerpt":{"rendered":"<p>D\u00e9couvrir un monde de vacances,en pleine nature, au c\u0153ur des Pyr\u00e9n\u00e9es,au fil des saisons. Printemps, Et\u00e9, Automne, Hiver Nous allons partager avec les enfants la richesse de notre environnement naturel. Nos activit\u00e9s&nbsp;sont faites de nature, d&rsquo;histoires, d&rsquo;\u00e9pices et de bouts de ficelle&nbsp;: Cabanes dans les bois, cueillette dans les pr\u00e9s, randonn\u00e9es, aventures \u00e0 la d\u00e9couverte [&hellip;]<\/p>\n","protected":false},"author":1,"featured_media":0,"parent":0,"menu_order":0,"comment_status":"closed","ping_status":"open","template":"","meta":{"footnotes":""},"class_list":["post-126","page","type-page","status-publish","hentry"],"_links":{"self":[{"href":"http:\/\/la-maraude.fr\/site\/wp-json\/wp\/v2\/pages\/126","targetHints":{"allow":["GET"]}}],"collection":[{"href":"http:\/\/la-maraude.fr\/site\/wp-json\/wp\/v2\/pages"}],"about":[{"href":"http:\/\/la-maraude.fr\/site\/wp-json\/wp\/v2\/types\/page"}],"author":[{"embeddable":true,"href":"http:\/\/la-maraude.fr\/site\/wp-json\/wp\/v2\/users\/1"}],"replies":[{"embeddable":true,"href":"http:\/\/la-maraude.fr\/site\/wp-json\/wp\/v2\/comments?post=126"}],"version-history":[{"count":33,"href":"http:\/\/la-maraude.fr\/site\/wp-json\/wp\/v2\/pages\/126\/revisions"}],"predecessor-version":[{"id":2735,"href":"http:\/\/la-maraude.fr\/site\/wp-json\/wp\/v2\/pages\/126\/revisions\/2735"}],"wp:attachment":[{"href":"http:\/\/la-maraude.fr\/site\/wp-json\/wp\/v2\/media?parent=126"}],"curies":[{"name":"wp","href":"https:\/\/api.w.org\/{rel}","templated":true}]}}